d r.
23
Let p = -30161 + 30275. Let c(f) = 2*f**2 - 10*f + 7. Let o be c(6). What is the highest common divisor of o and p?
19
Let f = -6691 + 6727. Let q be ((-6)/(-12))/(2/108). What is the highest common factor of q and f?
9
Let g be -2*(2 - 3) + 7. Let d(v) = 41*v**2 + 433*v - 859. Let l be d(2). What is the greatest common divisor of l and g?
9
Let n(a) = -4674*a - 1088. Let w be n(-2). What is the highest common factor of w and 236?
236
Let n = 111 - 141. Let c(r) = 3*r + 58. Let w(z) = 4*z + 59. Let h(s) = 5*c(s) - 4*w(s). Let t be h(n). What is the highest common divisor of t and 12?
12
Let r = 327 - -192. What is the greatest common factor of r and 6?
3
Let b(q) = -47*q + 55. Let w be b(-4). Suppose 240*n - w*n = -312. What is the highest common factor of n and 91?
13
Let o be (-318)/9*1989/(-102) + -6 + 1. Calculate the highest common divisor of o and 23598.
342
Suppose 35 = 5*t - 2*m, 2*t + 2*m + 21 = 5*t. Let g = 800 - 1248. Let l be (-1)/((6 - -2)/g). What is the greatest common divisor of t and l?
7
Let q be (759/46 - 16)*2860. Calculate the highest common factor of q and 990.
110
Suppose 383 - 381 = s. Suppose -5*v = 2*h - 114, -s*v - 3*h - 30 = -80. What is the greatest common divisor of v and 352?
22
Let o = 4275 + -3838. Calculate the highest common factor of o and 253.
23
Suppose -2*a + 16 = -6*a, -5*a = 3*p - 274. What is the highest common factor of p and 1008?
14
Suppose 96*s = 75*s + 164787. Calculate the highest common divisor of s and 133.
133
Let b = -125 + 365. Suppose 8555 - 1435 = 89*y. What is the greatest common factor of y and b?
80
Suppose v = -t + 311 + 166, 0 = -2*v + 8. Suppose -12*x - 878 = -6134. Let j be (-292)/x*129/(-2). Calculate the highest common factor of j and t.
43
Let l be 154/10 - (-8)/(-20). Suppose -2*r + 57 = -l. Let o be 0 + 1088/20 - 2/5. What is the greatest common factor of r and o?
18
Suppose 94*c - 91*c + 441 = 2*s, -1074 = -5*s - 2*c. What is the greatest common factor of s and 3402?
54
Let g be ((-12)/4 - 1) + 2. Let k be (-2)/(-3)*147/g. Let x = k + 137. What is the greatest common divisor of x and 8?
8
Let u be (-6 - 73/2)*-10. Let n = u - 412. What is the greatest common divisor of n and 39?
13
Let b(w) = w**3 + w**2 + 4*w + 621. Let j be b(0). Let v = j - 601. What is the highest common factor of v and 130?
10
Suppose -2*d + 19 = u, -2*d - 3*u = -20 - 5. Let i be ((-2)/d - (-5010)/40) + -5. What is the highest common factor of 45 and i?
15
Let n = 23821 + -23515. Calculate the greatest common factor of 54 and n.
18
Let t = -4805 + 10981. Suppose -11*w - 247 + t = 0. Let d = 42 - -7. What is the highest common divisor of w and d?
49
Let j = 455 - 185. Calculate the highest common factor of j and 210.
30
Suppose -18*u - 299462 + 299714 = 0. Let q = -116 + 70. Let h = 74 + q. What is the highest common factor of u and h?
14
Let m(n) = -9*n**3 + 2*n**2 - n + 1428. Let w be m(0). Calculate the greatest common factor of w and 36.
12
Suppose 3*f = -2*a + 294, -29*f + 33*f + 3*a = 394. What is the highest common divisor of 2115 and f?
47
Suppose -12 - 12 = -10697*y + 10691*y. Calculate the greatest common factor of 109 and y.
1
Let f = -29368 + 29920. What is the highest common factor of 19044 and f?
276
Suppose -5*y + 3256 = 2*s, 0 = 4*y - s - 2652 + 55. Suppose 338 = -6*r + y. What is the highest common divisor of r and 26?
26
Let f(t) = -223*t - 1199. Let d be f(-8). What is the greatest common factor of d and 720?
45
Let y = 258 - 104. Let o(k) = -2*k + 2. Let j(m) = 15*m - 50. Let q(v) = j(v) - 2*o(v). Let f be q(4). What is the greatest common factor of y and f?
22
Let a(m) = -14*m + 0*m - 21*m + 2*m - 99 - 6*m. Let o be a(-11). Calculate the highest common divisor of o and 30.
30
Let l be (-240)/((-12)/4 + 6 + -5). Calculate the highest common divisor of 195 and l.
15
Suppose 2*i - 21 - 305 = -4*z, 5*i = 15. Let g(q) = q + 3. Let x be g(-7). Let k be (5/x)/(3/(-24)). Calculate the highest common divisor of k and z.
10
Let n be (-21)/(-14)*(-148)/(-3). Let f = -6 + 43. Calculate the highest common divisor of n and f.
37
Suppose 5*r + 5*u - 55 = 0, 0 = 49*r - 44*r + u - 67. Suppose 163 = w - 2*f, -3*f - r + 11 = 0. Calculate the highest common factor of w and 115.
23
Let i(d) = -7*d - 44. Let y be i(-8). Let z(c) = 17*c - 110. Let h be z(y). Calculate the greatest common factor of 235 and h.
47
Let k = 69 + -58. Let z(l) = -2*l**2 + 14 - 41 + k*l - l**3 + 23. Let x be z(-5). What is the greatest common factor of 208 and x?
16
Suppose -65 - 709 = -86*h. Calculate the greatest common factor of 4869 and h.
9
Let g = 2 - 17. Let f = 17 + g. Let s(b) = b**2 + 7*b - 26. Let q be s(4). What is the highest common divisor of q and f?
2
Suppose 149*w = -52*w + 269835 + 495372. Calculate the highest common factor of w and 94.
47
Suppose 0 = 102*w + 7*w - 872. What is the greatest common factor of w and 11?
1
Let p(l) = 12*l + 120. Suppose -5*h - 37 = 3. Let m be p(h). What is the highest common factor of m and 60?
12
Suppose 5*t = 4*a - 1317 - 170, -2*a = 5*t - 781. What is the greatest common factor of 351 and a?
27
Let a(r) = -61*r - 1335. Let n be a(-22). Let o(x) = 175*x**3 + x - 1. Let u be o(1). Calculate the highest common divisor of u and n.
7
Suppose -6*o = -o + 5*u - 40, 4*u - 42 = -5*o. Suppose -2*b - 3*q + 569 = 212, 5*b = 3*q + 903. What is the greatest common divisor of o and b?
10
Let u = 54 + 54. Suppose 21*n + u = 18*n. Let x be n/(-60) + 1844/10. Calculate the greatest common factor of x and 37.
37
Suppose -128*h + 132*h = 3052. Suppose 5*v - h = -313. What is the greatest common factor of 6 and v?
6
Suppose 317*o = 314*o - 3. Let l be 77/(-14)*(-18 - (3 + o)). What is the highest common divisor of l and 44?
22
Let c(f) = 2*f - 5*f**2 - 2 - f**3 + 2*f**3 + 4*f - 3*f. Let p be c(6). Let x be 3/((-360)/1950*(-2)/16). Calculate the greatest common factor of x and p.
26
Let v be (-267)/(-2)*((-80)/(-15) - 4). Let y be 3/(135/10) + v/9. What is the greatest common divisor of 230 and y?
10
Let v = 3924 + 2412. Suppose 79*t - 70*t = v. Calculate the greatest common divisor of t and 22.
22
Suppose 190 = 4*w - 505 - 57. Calculate the greatest common divisor of w and 235.
47
Suppose -9*k + 8*k = -31. Let s(h) = h + 158*h**3 + 90*h**3 + 97 - 98. Let b be s(1). What is the greatest common divisor of k and b?
31
Suppose 2*m = 4, -322 = -f - m - 48. What is the highest common factor of f and 25024?
272
Suppose 1107 + 1287 = 18*u. What is the highest common factor of u and 161?
7
Let b(s) = -2*s**2 - 14*s - 10. Suppose -j - 9 = -3. Let f be b(j). Suppose f*p + 4*v = 14, 5*p - 46 = p + v. Calculate the highest common divisor of 55 and p.
11
Let v be 8/(168/1113) + -23. What is the greatest common factor of v and 135?
15
Let s be 198/2 + (3 - 3). Suppose 14*d - 88170 + 87708 = 0. What is the highest common factor of s and d?
33
Suppose -2*q = 4*d - 6, -5*d + 10 = q + 2*q. Let g be (-11)/((-66)/18) - d. Calculate the highest common divisor of 22 and g.
2
Let m(u) = 15*u + 145. Let v = -267 - -258. Let p be m(v). What is the highest common divisor of 35 and p?
5
Let y = -4690 - -5282. Calculate the greatest common divisor of y and 144.
16
Suppose -20*g + 50 = -90. Calculate the highest common factor of 25 and g.
1
Suppose 3*g = v - 6, -6*g = -5*v - 2*g + 52. What is the highest common factor of v and 6472?
4
Let k = -6 - -14. Suppose -5*i = -k*i + 12. Suppose -i*p - 7 = -5*p. What is the highest common divisor of 21 and p?
7
Suppose b - 5 = 0, -16 = -s - 2*b + 6*b. Let k be (-4)/(-24) - 33/(-18). Suppose -31 = -k*x + 17. What is the greatest common factor of x and s?
12
Let a(b) = 9*b**2 + 74*b + 46. Let u be a(-8). What is the highest common divisor of 234 and u?
6
Suppose -131*l + 112*l + 152 = 0. Let f(d) = 3*d + 0*d + 4*d + 5 - d**2 + 3*d. Let n be f(l). Calculate the highest common factor of n and 63.
21
Let t = -16 + 100. Let g(w) = 39*w + 267. Let l be g(5). What is the highest common factor of t and l?
42
Let f = -15739 + 15979. What is the greatest common factor of f and 3320?
40
Suppose 0*n - 7*n = 3*i + 1101, -2*n + i - 309 = 0. Let b = 224 + n. Calculate the highest common divisor of 16 and b.
4
Let y be (13 + 1 + -2)/1. Let n = -1 - -1. Suppose 8*r - 5*r - y = n. What is the gr